actor of t and 60.
30
Suppose 4*w - 4*f - 456 = 0, -117*w - 3*f + 134 = -116*w. Calculate the highest common divisor of 68 and w.
17
Let j(h) = h + 3. Let i be j(-3). Suppose -2*n + i = -12. Suppose 3*w - w = 108. What is the greatest common factor of n and w?
6
Let i be (10/65*13)/((-6)/(-111)). What is the highest common divisor of 296 and i?
37
Let h(z) = z**3 - 10*z**2 + 6*z - 13. Let i be h(11). Let d = i - 166. Calculate the highest common factor of 4 and d.
4
Let y be 1 - -1 - (-375)/(-5). Let o = y + 115. What is the greatest common divisor of 14 and o?
14
Let h(c) = 21*c**2 + 2*c - 3. Suppose -2*v + 2 = -0. Let s be h(v). What is the greatest common divisor of s and 220?
20
Let b be (2/(-2))/(507/(-63) - -8). What is the greatest common factor of b and 1?
1
Suppose 4318 = -5*k - 2*w, 1731 = -2*k + w + 2*w. Let r be k/(-63) - 3*(-2)/21. What is the greatest common factor of r and 14?
14
Suppose -3*d + 70 = 373. Suppose 0 = -5*t + 2609 - 454. Let l = t + d. What is the greatest common factor of l and 33?
33
Let c be 1128/(-6)*36/(-16). Calculate the greatest common factor of c and 9.
9
Suppose 1608 = 130*u - 63*u. Suppose -s + 3*c = -9, 2*s - s - c - 5 = 0. Calculate the greatest common factor of u and s.
3
Suppose 0 = 30*u - 23*u - 84. What is the greatest common factor of u and 48?
12
Let a be (-1)/((-1)/(-1)) - (-61 - -42). What is the highest common divisor of a and 2?
2
Let q = -207 + 539. Let w = -228 + q. Let z = 73564 - 73551. What is the greatest common divisor of w and z?
13
Let u be 6 + 9*(-10)/(-15). Suppose b = -2*b - 21. Let s = u + b. Calculate the greatest common factor of s and 10.
5
Let a be -415*8/(-52) + (-4)/(-26). What is the highest common divisor of 16 and a?
16
Let n = 208 + -199. Suppose 29 = 4*q - 195. Suppose n*b - q = 7*b. What is the greatest common divisor of 70 and b?
14
Let j be (-5)/(75/276)*3610/(-76). What is the greatest common divisor of j and 38?
38
Let i(u) = -u**3 + 3*u**2 + 6*u - 2. Let q be i(4). Let t(l) = 1 - 3 - q + 1 - 5*l. Let a be t(-6). What is the greatest common divisor of 23 and a?
23
Suppose 0 = 16*l - 18*l - 20. Let j(v) = v**2 + 8*v + 10. Let w be j(l). Let t = -15 + w. Calculate the highest common factor of t and 165.
15
Suppose 18*n - 23*n + h = -20, 0 = -2*h - 10. What is the greatest common divisor of n and 51?
3
Suppose 2*k + 2*k = 4*b + 16, -3*k = -b - 14. Let t(j) = 8*j + 4. Let d be t(k). Calculate the highest common divisor of d and 33.
11
Let f be 3 + (0 - 1) + -2. Suppose -3*d + f*d = -24. Let r be (10/(-8))/(d/(-384)). What is the greatest common divisor of 40 and r?
20
Let l be -4*(0 - (0 - 3)). Let a = -9 - l. Suppose 7*z = a*z + 56. Calculate the greatest common divisor of 42 and z.
14
Let m(z) = -2*z**3 - 18*z**2 + 7. Let f be m(-9). What is the greatest common divisor of 462 and f?
7
Let b be (-7)/((-28)/(-36)) + 1. Let h be (b - -15) + 1/(-1). Calculate the greatest common factor of h and 9.
3
Suppose 0 = 18*i - 520 - 128. Let v be ((-108)/5)/(4/(-30)). What is the highest common factor of v and i?
18
Let k be 14*1*(-4)/(-8). Let j(v) = v + 1 - 5 + 5 - 3. Let f be j(3). What is the highest common divisor of k and f?
1
Let d(x) = x**3 - 53*x**2 - 110*x + 65. Let f be d(55). What is the highest common divisor of f and 13?
13
Let h be 4/(-7) + ((-7660)/(-7))/4. Calculate the greatest common divisor of h and 7.
7
Suppose 5*m = 4*l + 436, 8 = l - 3*l. Let w(s) = 148*s - 136. Let d be w(1). Calculate the greatest common divisor of d and m.
12
Let k = -95 - -157. What is the greatest common divisor of 2 and k?
2
Let y = 1 - 1. Let z(u) = -15*u - 16. Let c(q) = 8*q + 9. Let m(v) = 11*c(v) + 6*z(v). Let x be m(y). Calculate the greatest common divisor of 1 and x.
1
Suppose 198 = 3*u - 3*j, 2*u - 7*u = j - 306. Calculate the greatest common factor of 186 and u.
62
Let r = 11 + -8. Suppose -2*y + 26 = 2*y - 5*t, 3*t = r*y - 18. Suppose o - y*o = -360. Calculate the highest common divisor of 15 and o.
15
Suppose 3*z - z - 86 = 0. Suppose 0 = 4*l - 3*x - 857, -3*l + 510*x - 515*x = -650. What is the highest common factor of l and z?
43
Let v(y) = y**2 + 5*y - 4. Let d be v(-8). Let n = d + -9. What is the greatest common divisor of n and 1?
1
Let d(i) = 9*i - 129. Let m be d(16). Calculate the greatest common factor of 12 and m.
3
Let s = -101 - -103. What is the highest common divisor of 14 and s?
2
Let f be ((-2)/6)/(3/(-63)). Let s = f - 0. Suppose 0 = -61*h + 80*h - 266. What is the greatest common factor of s and h?
7
Suppose -117 = 3*l - 357. Suppose -2*y - 3*x + 120 = 0, -y = -2*x + x - 65. Let p = 73 - y. What is the greatest common divisor of l and p?
10
Suppose 9*h - 259 = -43. What is the greatest common divisor of 32 and h?
8
Suppose 3*t = 266 + 130. Calculate the greatest common divisor of 99 and t.
33
Let o(h) = 2*h**2 + 8*h + 11. Let a be o(-5). Suppose 5*v + 6 = a. Suppose -r + 4*f + 7 = -3, -v*f - 14 = -4*r. What is the greatest common factor of r and 6?
2
Suppose 3*a - 20 = -a. Suppose -3*b = 2*b - a. Let k = -38 - -49. Calculate the highest common factor of k and b.
1
Let a = 186 - 172. Calculate the highest common factor of 518 and a.
14
Suppose 0 = 2*z - 0*z - 5*o + 10, -z + 4*o - 11 = 0. Let i(c) = -46*c + 6. Let v be i(z). Let w be -1 - 3*v/12. What is the greatest common factor of w and 22?
11
Suppose 20*h - 61 = 199. Calculate the greatest common factor of 117 and h.
13
Let l = 281 + -269. Let a be (0 + 70)*(-16)/(-10). Suppose -a = 4*s - 352. Calculate the highest common divisor of l and s.
12
Let o = 112 - 8. Let d = 0 - -5. Let g(i) = -i**3 + 5*i**2 + 2*i + 3. Let b be g(d). What is the highest common divisor of o and b?
13
Let y(l) = 2*l**3 + 29*l**2 + 4*l + 19. Let n be y(-13). Calculate the greatest common divisor of 6 and n.
6
Let k be ((86/(-8) - -2) + -1)*-4. Suppose 0 = k*j - 36*j - 39. What is the highest common factor of 143 and j?
13
Let l = 36 - -120. What is the highest common divisor of l and 12?
12
Suppose -55 = -2*p - 0*p - w, p = -w + 29. Let c be p/10 + 4/10. Suppose c = t - 3. Calculate the highest common factor of 12 and t.
6
Suppose 333 = 3*y - 228. What is the greatest common divisor of y and 85?
17
Let g = -105 - -182. Let z be ((-20)/(-72) + 44/198)*22. What is the greatest common factor of z and g?
11
Let m be 20/3 - (-16)/12. Suppose -4*j + m*j - 660 = 0. Suppose -2*h + 16 = -14. Calculate the greatest common factor of h and j.
15
Let n be 22936/671 + 2/(-11). What is the greatest common divisor of 68 and n?
34
Suppose 14*b - 66 = 12*b. Suppose -f + 11 = -b. Let p be (2/(-4))/((-1)/8). Calculate the highest common divisor of f and p.
4
Suppose -b + 4 = -0*b. Suppose -b*s + s = -3. Let h = -418 - -427. What is the greatest common divisor of s and h?
1
Suppose 0*n + 117 = 13*n. What is the highest common factor of 153 and n?
9
Let d(t) = -t**2 + 6*t + 2. Let n be d(6). Suppose 54 = 5*g - n*g. Calculate the highest common factor of g and 54.
18
Let k(a) = 68*a + 1. Suppose 4 = 2*y - 4*f + 6*f, y - 4*f = 17. Let d be k(y). What is the highest common divisor of d and 31?
31
Suppose -4*h + 27 = -3*o, -h + 2 = 3*o - 1. Suppose 2*g = -h*g. Suppose 2*y = -g*j + 2*j + 98, 4*j + 241 = 5*y. What is the greatest common factor of y and 15?
15
Suppose 69 = 5*j - 2*j - 2*x, 0 = -5*j + 2*x + 119. What is the greatest common divisor of 250 and j?
25
Suppose -2 = -3*x + 10. Suppose -z + x*z = 0. Suppose 5*p - 2*r = -z*r + 75, 5*r - 93 = -4*p. What is the highest common factor of p and 34?
17
Let y(g) = g**2 - 7*g - 6. Let r be y(9). Suppose -10*u = -r*u + 80. Let l be -1 - (1/(-1) + -8). What is the highest common divisor of l and u?
8
Suppose 34*j - 61*j + 20574 = 0. What is the highest common factor of 6 and j?
6
Let w be (4 - 25/5) + 39. What is the highest common divisor of 133 and w?
19
Let w be 21 - -3*(-2)/(-2). What is the highest common divisor of 12 and w?
12
Let x be 9/((-135)/20)*16182/(-248). Suppose -4*r + 2*j + 242 = 0, 5*r + 5*j = 374 - 109. What is the greatest common divisor of x and r?
29
Suppose 2*j - 179 = -3*k, -5*j + 99 = 5*k - 351. Calculate the greatest common factor of j and 28.
7
Let r = 133 - 94. Let f = -15 + r. Suppose -f*a = -23*a - 20. What is the highest common factor of a and 20?
20
Suppose 4*w - 42 + 10 